{"id":116,"date":"2023-06-22T04:41:14","date_gmt":"2023-06-22T04:41:14","guid":{"rendered":"https:\/\/menteflexible.com\/?page_id=116"},"modified":"2023-06-22T04:41:15","modified_gmt":"2023-06-22T04:41:15","slug":"atencion-clinica-psicologica","status":"publish","type":"page","link":"https:\/\/menteflexible.com\/index.php\/atencion-clinica-psicologica\/","title":{"rendered":"Atenci\u00f3n cl\u00ednica psicol\u00f3gica"},"content":{"rendered":"\n<figure class=\"wp-block-image size-full\"><img decoding=\"async\" loading=\"lazy\" width=\"850\" height=\"567\" src=\"https:\/\/menteflexible.com\/wp-content\/uploads\/2023\/06\/b2ap3_large_psicologa-clnica-1.jpg\" alt=\"\" class=\"wp-image-117\" srcset=\"https:\/\/menteflexible.com\/wp-content\/uploads\/2023\/06\/b2ap3_large_psicologa-clnica-1.jpg 850w, https:\/\/menteflexible.com\/wp-content\/uploads\/2023\/06\/b2ap3_large_psicologa-clnica-1-300x200.jpg 300w, https:\/\/menteflexible.com\/wp-content\/uploads\/2023\/06\/b2ap3_large_psicologa-clnica-1-768x512.jpg 768w, https:\/\/menteflexible.com\/wp-content\/uploads\/2023\/06\/b2ap3_large_psicologa-clnica-1-600x400.jpg 600w\" sizes=\"(max-width: 850px) 100vw, 850px\" \/><\/figure>\n","protected":false},"excerpt":{"rendered":"","protected":false},"author":1,"featured_media":117,"parent":0,"menu_order":0,"comment_status":"closed","ping_status":"closed","template":"","meta":[],"featured_media_urls":{"thumbnail":["https:\/\/menteflexible.com\/wp-content\/uploads\/2023\/06\/b2ap3_large_psicologa-clnica-1-150x150.jpg",150,150,true],"medium":["https:\/\/menteflexible.com\/wp-content\/uploads\/2023\/06\/b2ap3_large_psicologa-clnica-1-300x200.jpg",300,200,true],"medium_large":["https:\/\/menteflexible.com\/wp-content\/uploads\/2023\/06\/b2ap3_large_psicologa-clnica-1-768x512.jpg",768,512,true],"large":["https:\/\/menteflexible.com\/wp-content\/uploads\/2023\/06\/b2ap3_large_psicologa-clnica-1.jpg",850,567,false],"1536x1536":["https:\/\/menteflexible.com\/wp-content\/uploads\/2023\/06\/b2ap3_large_psicologa-clnica-1.jpg",850,567,false],"2048x2048":["https:\/\/menteflexible.com\/wp-content\/uploads\/2023\/06\/b2ap3_large_psicologa-clnica-1.jpg",850,567,false],"inspiro-featured-image":["https:\/\/menteflexible.com\/wp-content\/uploads\/2023\/06\/b2ap3_large_psicologa-clnica-1.jpg",850,567,false],"inspiro-loop":["https:\/\/menteflexible.com\/wp-content\/uploads\/2023\/06\/b2ap3_large_psicologa-clnica-1-850x320.jpg",850,320,true],"inspiro-loop@2x":["https:\/\/menteflexible.com\/wp-content\/uploads\/2023\/06\/b2ap3_large_psicologa-clnica-1.jpg",850,567,false],"portfolio_item-thumbnail":["https:\/\/menteflexible.com\/wp-content\/uploads\/2023\/06\/b2ap3_large_psicologa-clnica-1-600x400.jpg",600,400,true],"portfolio_item-thumbnail@2x":["https:\/\/menteflexible.com\/wp-content\/uploads\/2023\/06\/b2ap3_large_psicologa-clnica-1.jpg",850,567,false],"portfolio_item-masonry":["https:\/\/menteflexible.com\/wp-content\/uploads\/2023\/06\/b2ap3_large_psicologa-clnica-1-600x400.jpg",600,400,true],"portfolio_item-masonry@2x":["https:\/\/menteflexible.com\/wp-content\/uploads\/2023\/06\/b2ap3_large_psicologa-clnica-1.jpg",850,567,false],"portfolio_item-thumbnail_cinema":["https:\/\/menteflexible.com\/wp-content\/uploads\/2023\/06\/b2ap3_large_psicologa-clnica-1-800x335.jpg",800,335,true],"portfolio_item-thumbnail_portrait":["https:\/\/menteflexible.com\/wp-content\/uploads\/2023\/06\/b2ap3_large_psicologa-clnica-1-600x567.jpg",600,567,true],"portfolio_item-thumbnail_portrait@2x":["https:\/\/menteflexible.com\/wp-content\/uploads\/2023\/06\/b2ap3_large_psicologa-clnica-1.jpg",850,567,false],"portfolio_item-thumbnail_square":["https:\/\/menteflexible.com\/wp-content\/uploads\/2023\/06\/b2ap3_large_psicologa-clnica-1-800x567.jpg",800,567,true]},"_links":{"self":[{"href":"https:\/\/menteflexible.com\/index.php\/wp-json\/wp\/v2\/pages\/116"}],"collection":[{"href":"https:\/\/menteflexible.com\/index.php\/wp-json\/wp\/v2\/pages"}],"about":[{"href":"https:\/\/menteflexible.com\/index.php\/wp-json\/wp\/v2\/types\/page"}],"author":[{"embeddable":true,"href":"https:\/\/menteflexible.com\/index.php\/wp-json\/wp\/v2\/users\/1"}],"replies":[{"embeddable":true,"href":"https:\/\/menteflexible.com\/index.php\/wp-json\/wp\/v2\/comments?post=116"}],"version-history":[{"count":1,"href":"https:\/\/menteflexible.com\/index.php\/wp-json\/wp\/v2\/pages\/116\/revisions"}],"predecessor-version":[{"id":118,"href":"https:\/\/menteflexible.com\/index.php\/wp-json\/wp\/v2\/pages\/116\/revisions\/118"}],"wp:featuredmedia":[{"embeddable":true,"href":"https:\/\/menteflexible.com\/index.php\/wp-json\/wp\/v2\/media\/117"}],"wp:attachment":[{"href":"https:\/\/menteflexible.com\/index.php\/wp-json\/wp\/v2\/media?parent=116"}],"curies":[{"name":"wp","href":"https:\/\/api.w.org\/{rel}","templated":true}]}}